62 and 14846100.
7242
What is the greatest common divisor of 35 and 43465415?
35
What is the greatest common factor of 67632477 and 11?
11
Calculate the highest common divisor of 29751288 and 672.
168
Calculate the highest common factor of 127316 and 20356.
28
Calculate the highest common divisor of 1068 and 157110276.
1068
What is the greatest common factor of 116 and 171642?
2
What is the highest common divisor of 3839120 and 62160?
2960
Calculate the highest common divisor of 317284 and 82236.
44
What is the greatest common factor of 210 and 10609776?
6
What is the greatest common factor of 7 and 747521?
1
Calculate the greatest common divisor of 297122 and 742406.
266
Calculate the greatest common divisor of 3302 and 36844478.
254
What is the greatest common factor of 8242 and 92612?
26
What is the greatest common factor of 1326 and 51099841?
221
What is the greatest common factor of 3564 and 329391117?
891
What is the greatest common divisor of 1733452 and 2632?
28
What is the greatest common factor of 250380 and 1886625?
585
What is the greatest common divisor of 3700332 and 31119?
2829
Calculate the highest common factor of 150892532 and 560.
28
What is the highest common factor of 1178840 and 50960?
520
Calculate the highest common divisor of 985440 and 3232.
32
Calculate the greatest common factor of 10814838 and 247.
19
Calculate the greatest common factor of 8694 and 3667856.
46
What is the highest common factor of 5278625 and 88?
11
What is the highest common factor of 967175 and 20350?
275
Calculate the highest common divisor of 3400 and 48119350.
850
What is the greatest common divisor of 588 and 347796?
12
What is the highest common factor of 25 and 7432795?
5
Calculate the highest common divisor of 6887699 and 26.
13
What is the greatest common divisor of 190350 and 1106145?
2115
What is the highest common divisor of 21787750 and 2250?
250
Calculate the highest common divisor of 15996 and 2300820.
372
What is the highest common factor of 816 and 5373768?
408
What is the greatest common divisor of 38 and 27794929?
19
Calculate the highest common divisor of 19964 and 1231972.
644
What is the highest common divisor of 1025 and 126235525?
25
What is the greatest common divisor of 466135344 and 120528?
13392
Calculate the greatest common divisor of 7969308 and 60.
12
Calculate the highest common factor of 24938 and 1678024.
74
Calculate the greatest common factor of 2739 and 6660501.
249
Calculate the highest common divisor of 59654249 and 23.
23
What is the greatest common factor of 7617876 and 18561?
69
Calculate the highest common divisor of 209 and 340808358.
209
What is the highest common factor of 371 and 129860759?
371
Calculate the highest common factor of 11417562 and 117.
117
What is the highest common factor of 132406 and 22466?
478
Calculate the greatest common divisor of 27465690 and 93.
93
Calculate the greatest common factor of 1079581 and 5063.
83
What is the greatest common factor of 183304965 and 6834?
3417
What is the highest common factor of 18436 and 99?
11
Calculate the highest common factor of 66129189 and 42.
21
What is the greatest common divisor of 21293 and 15697649?
107
What is the highest common factor of 599878 and 1719520?
1954
Calculate the highest common factor of 1431 and 28824633.
1431
What is the greatest common factor of 1136 and 4474592?
16
What is the greatest common factor of 476 and 555905644?
476
What is the greatest common factor of 513790 and 72580?
1910
What is the greatest common divisor of 6972956 and 368?
92
Calculate the highest common factor of 28500 and 1698828.
228
Calculate the greatest common factor of 10794762 and 748.
374
What is the highest common factor of 11818 and 226214?
38
What is the highest common divisor of 2301 and 200039736?
2301
What is the greatest common divisor of 16 and 5484296?
8
What is the highest common divisor of 1695 and 12555?
15
Calculate the greatest common factor of 11435118 and 56942.
142
What is the greatest common divisor of 22071 and 1039416?
21
What is the highest common factor of 205959399 and 2?
1
Calculate the greatest common divisor of 3363 and 559969.
59
What is the greatest common factor of 224 and 326118800?
112
What is the greatest common divisor of 62 and 2902412?
2
What is the highest common divisor of 17196712 and 4?
4
Calculate the greatest common factor of 517094763 and 1173.
1173
What is the highest common factor of 81000821 and 13893?
4631
What is the greatest common factor of 7338 and 1205958718?
2446
What is the highest common divisor of 291099 and 4256?
19
Calculate the highest common divisor of 293929 and 18511.
107
What is the highest common divisor of 902 and 575845?
41
Calculate the highest common factor of 659952 and 89568.
144
What is the greatest common factor of 616 and 3191639?
11
What is the highest common divisor of 2256 and 18261?
3
What is the highest common factor of 6440 and 2768360?
280
Calculate the highest common divisor of 22208 and 574048.
32
Calculate the greatest common factor of 132 and 53636946.
66
Calculate the greatest common factor of 50265583 and 969.
323
Calculate the greatest common divisor of 1686801 and 2424.
303
Calculate the greatest common divisor of 92 and 366156527.
23
Calculate the highest common divisor of 1529 and 4468013.
11
Calculate the greatest common factor of 58781 and 237403.
43
Calculate the highest common factor of 371 and 162693888.
371
Calculate the greatest common divisor of 189370 and 8526.
58
What is the highest common divisor of 485725 and 3100?
25
Calculate the highest common factor of 447 and 730821309.
447
Calculate the greatest common divisor of 765 and 14335665.
15
Calculate the greatest common divisor of 58 and 258969101.
29
Calculate the highest common factor of 26963 and 773018.
59
What is the highest common factor of 816102 and 367710?
714
What is the greatest common divisor of 152 and 91163368?
152
What is the highest common divisor of 35490 and 7447830?
5070
What is the greatest common divisor of 67 and 17189587?
67
Calculate the highest common factor of 318000798 and 2122.
2122
What is the highest common divisor of 234958 and 7250?
58
What is the greatest common factor of 72863 and 102361?
49
What is the greatest common divisor of 85 and 62432007?
17
What is the highest common factor of 94333 and 34527?
17
Calculate the highest common divisor of 58984 and 1951320.
808
What is the highest common divisor of 68893590 and 43040?
2690
What is the greatest common factor of 302508 and 323892?
108
Calculate the greatest common factor of 103455 and 2397615.
1815
What is the greatest common divisor of 63 and 2961945?
63
Calculate the highest common divisor of 40011664 and 752.
752
Calculate the greatest common divisor of 10345752 and 3165.
633
What is the highest common divisor of 6290817 and 1833?
39
What is the highest common divisor of 2267280 and 2814?
402
What is the greatest common factor of 649 and 1788821?
59
What is the highest common factor of 164413530 and 45?
45
What is the highest common factor of 3904 and 584746?
122
Calculate the greatest common factor of 55879 and 2755.
19
What is the greatest common divisor of 2705 and 130415?
5
What is the greatest common divisor of 383934 and 7842324?
6294
Calculate the greatest common divisor of 48 and 152699994.
6
Calculate the highest common divisor of 17371705 and 24648.
1027
Calculate the highest common divisor of 46875384 and 88.
8
What is the greatest common divisor of 92 and 2606879524?
92
Calculate the highest common divisor of 77 and 13643971.
11
What is the highest common factor of 26174 and 3424242?
1138
What is the highest common factor of 1828930656 and 8144?
8144
What is the greatest common factor of 4815 and 36020373?
321
Calculate the highest common divisor of 52 and 30912908.
52
What is the greatest common divisor of 113 and 78677041?
113
Calculate the highest common divisor of 16400 and 141561520.
3280
What is the highest common divisor of 16 and 609858904?
8
What is the highest common factor of 761919 and 133?
19
Calculate the greatest common divisor of 118667956 and 11.
11
Calculate the highest common divisor of 1491 and 19880000.
497
What is the highest common factor of 3362 and 16176263?
1681
C